d 2358877296?
12648
What is the greatest common divisor of 53488 and 827744?
16
What is the highest common divisor of 7000 and 101293000?
1000
What is the highest common divisor of 60 and 2192344410?
30
What is the greatest common divisor of 3 and 37413228?
3
Calculate the highest common divisor of 70635 and 20145.
255
What is the highest common factor of 2452696 and 12?
4
Calculate the highest common factor of 419655217 and 1955.
391
Calculate the greatest common factor of 8185775 and 42275.
2225
Calculate the greatest common divisor of 4355218 and 5187.
133
Calculate the greatest common divisor of 115419 and 21364203.
1461
Calculate the greatest common factor of 60 and 7841800.
20
Calculate the highest common divisor of 1781168 and 8368.
16
Calculate the highest common factor of 382 and 920048146.
382
What is the greatest common factor of 2685007 and 52?
13
Calculate the greatest common divisor of 200577905 and 235.
235
Calculate the highest common factor of 2353548 and 33360.
1668
Calculate the highest common divisor of 153 and 5669460.
9
Calculate the greatest common factor of 810 and 26700315.
15
Calculate the greatest common factor of 2343609 and 117061.
2389
Calculate the greatest common divisor of 1 and 209953.
1
Calculate the highest common divisor of 1395 and 1773820.
155
What is the greatest common divisor of 5371394 and 15418?
1186
What is the highest common factor of 784 and 314168?
8
What is the greatest common factor of 1648687 and 1577?
19
Calculate the greatest common factor of 12798 and 662526.
54
Calculate the greatest common factor of 2925 and 41386449.
39
Calculate the greatest common factor of 88400 and 9554.
34
Calculate the greatest common factor of 2035 and 181448.
37
What is the greatest common factor of 2665279 and 7115?
1423
What is the greatest common factor of 28861465 and 395?
395
Calculate the highest common divisor of 3100 and 396826660.
620
Calculate the greatest common factor of 9855 and 166590.
135
Calculate the highest common factor of 18584 and 2696.
8
What is the greatest common factor of 57418 and 90782?
38
Calculate the greatest common factor of 2977 and 47247280.
229
What is the highest common factor of 15884 and 36942840?
836
Calculate the greatest common divisor of 3208 and 74248.
8
What is the highest common divisor of 16 and 3629284?
4
Calculate the greatest common divisor of 1003 and 19184381.
1003
What is the highest common divisor of 92 and 3646052?
92
Calculate the highest common factor of 3613425 and 12780.
15
What is the highest common factor of 47978 and 12718678?
322
What is the greatest common factor of 456 and 94650438?
114
What is the highest common divisor of 43746 and 30785772?
1902
Calculate the greatest common divisor of 139473360 and 301860.
7020
What is the highest common factor of 363 and 14132646?
33
Calculate the greatest common factor of 171112 and 1447420.
1172
What is the greatest common factor of 297596 and 71272?
236
Calculate the greatest common divisor of 7798336 and 1076192.
5408
Calculate the greatest common factor of 2107854640 and 7120.
7120
Calculate the greatest common divisor of 27 and 10161279.
9
What is the highest common factor of 226763948 and 6191?
6191
Calculate the highest common factor of 4466333 and 347367.
1301
Calculate the greatest common divisor of 2215808 and 1792.
896
What is the greatest common factor of 322 and 34791134?
322
What is the highest common factor of 898446 and 218652?
822
What is the greatest common divisor of 40451 and 6963959?
2129
What is the greatest common factor of 221480168 and 4?
4
Calculate the greatest common factor of 1806596 and 133.
19
Calculate the greatest common divisor of 32 and 261626128.
16
Calculate the highest common divisor of 1769544 and 2898.
126
Calculate the highest common divisor of 9131162 and 8210.
1642
What is the greatest common divisor of 14984705 and 3370?
1685
Calculate the highest common factor of 25516584 and 54.
18
What is the highest common divisor of 10 and 317462030?
10
Calculate the greatest common factor of 720 and 2817792.
144
What is the greatest common factor of 1119461 and 439013?
443
What is the greatest common divisor of 172408 and 581302?
46
Calculate the greatest common factor of 1004 and 2238979738.
502
Calculate the highest common divisor of 423 and 7790109.
141
What is the greatest common divisor of 268 and 2100048?
268
Calculate the greatest common factor of 124 and 41387312.
4
Calculate the greatest common factor of 2157300 and 65178.
918
Calculate the greatest common divisor of 2130 and 20950170.
30
What is the highest common divisor of 121495 and 3520?
55
Calculate the highest common factor of 257020 and 4043540.
3620
Calculate the greatest common factor of 13965 and 38858610.
1995
Calculate the greatest common divisor of 21240 and 813890250.
5310
Calculate the highest common factor of 33264983 and 206.
103
What is the highest common divisor of 21527 and 2003968?
1957
What is the highest common divisor of 4590 and 238255?
85
What is the highest common factor of 28573207 and 114608?
7163
What is the highest common divisor of 3794800 and 106?
106
Calculate the highest common factor of 320 and 16804240.
80
What is the highest common factor of 183188 and 2341232?
4468
Calculate the highest common divisor of 88569046 and 6882.
2294
Calculate the highest common divisor of 64 and 1609567.
1
What is the highest common factor of 41643 and 1952937?
63
Calculate the highest common factor of 478394 and 454.
2
What is the highest common divisor of 7453724 and 1036?
148
Calculate the highest common divisor of 14428 and 96050803.
3607
Calculate the highest common divisor of 1835680 and 11552.
32
Calculate the greatest common divisor of 4312 and 41915104.
616
What is the greatest common divisor of 488512800 and 4275?
4275
What is the highest common divisor of 1805 and 627351215?
1805
Calculate the greatest common factor of 120655918 and 566.
566
What is the highest common divisor of 36608810 and 28?
14
Calculate the highest common divisor of 168130392 and 5016.
456
What is the highest common factor of 1655 and 3058896780?
1655
Calculate the greatest common divisor of 1393146 and 138456.
54
What is the greatest common divisor of 189 and 18407011?
7
Calculate the greatest common divisor of 130556 and 422656.
508
What is the highest common divisor of 252420 and 8895?
15
Calculate the highest common factor of 163769 and 57677.
421
Calculate the highest common divisor of 261 and 32971579.
29
What is the greatest common factor of 16 and 7623368?
8
Calculate the greatest common factor of 16575 and 1450800.
975
Calculate the highest common factor of 58312116 and 3348.
3348
What is the highest common divisor of 980 and 252448?
196
Calculate the greatest common factor of 60904890 and 180.
90
Calculate the highest common divisor of 682060 and 608628.
268
Calculate the greatest common divisor of 1275 and 748321725.
1275
What is the highest common divisor of 141372 and 101871?
2079
Calculate the highest common divisor of 622 and 16274319.
311
What is the highest common factor of 36751 and 151233706?
3341
What is the highest common divisor of 1870610 and 2205?
35
Calculate the greatest common divisor of 32042 and 18278.
74
Calculate the highest common factor of 14 and 26409.
1
Calculate the highest common factor of 395 and 47574669.
79
Calculate the highest common factor of 77 and 442309.
7
What is the highest common divisor of 145230 and 797026?
94
Calculate the highest common factor of 1593371 and 29.
1
What is the greatest common divisor of 775240 and 1310?
10
Calculate the greatest common factor of 20591974 and 1352.
338
Calculate the highest common divisor of 16400885 and 235.
235
Calculate the highest common divisor of 1536 and 29821056.
384
What is the highest common divisor of 2200 and 3488511400?
2200
What is the greatest common divisor of 2645111 and 63?
7
What is the greatest common factor of 12 and 352294692?
12
Calculate the greatest common factor of 704 and 42115648.
64
What is the greatest common factor of 38727 and 46059?
39
What is the greatest common divisor of 9786075 and 1050?
75
What is the greatest common divisor of 15812826 and 3971?
19
Calculate the highest common divisor of 42196 